e remainder when 136110 is divided by 2834.
78
Calculate the remainder when 6740711 is divided by 2376.
2375
What is the remainder when 9545903 is divided by 14754?
65
Calculate the remainder when 5037386 is divided by 839563.
8
Calculate the remainder when 125143 is divided by 20775.
493
What is the remainder when 252837 is divided by 1016?
869
What is the remainder when 15492842 is divided by 2105?
42
Calculate the remainder when 9923 is divided by 735.
368
What is the remainder when 6080272 is divided by 2273?
2270
Calculate the remainder when 3408 is divided by 3.
0
Calculate the remainder when 22533 is divided by 1132.
1025
What is the remainder when 206720 is divided by 48?
32
What is the remainder when 3531965 is divided by 120?
5
Calculate the remainder when 293699 is divided by 577.
6
What is the remainder when 438642 is divided by 48721?
153
What is the remainder when 118538 is divided by 880?
618
What is the remainder when 3928504 is divided by 186?
184
Calculate the remainder when 34884 is divided by 86.
54
Calculate the remainder when 378971859 is divided by 5263498.
3
What is the remainder when 117245 is divided by 10626?
359
What is the remainder when 1730253 is divided by 86?
19
What is the remainder when 2685008 is divided by 31200?
1808
Calculate the remainder when 1722158 is divided by 574051.
5
Calculate the remainder when 946022 is divided by 27028.
42
What is the remainder when 5481565 is divided by 65?
50
What is the remainder when 22528 is divided by 11246?
36
Calculate the remainder when 3689788 is divided by 184489.
8
What is the remainder when 354791 is divided by 1523?
1455
What is the remainder when 11790237 is divided by 2464?
2461
Calculate the remainder when 4814976 is divided by 225.
201
What is the remainder when 85454 is divided by 7098?
278
Calculate the remainder when 80828464 is divided by 799.
26
Calculate the remainder when 193274528 is divided by 297.
293
Calculate the remainder when 27839658 is divided by 61.
51
Calculate the remainder when 4232619 is divided by 127.
90
Calculate the remainder when 237724 is divided by 10335.
19
What is the remainder when 337110 is divided by 112234?
408
What is the remainder when 131146 is divided by 6160?
1786
What is the remainder when 8353383 is divided by 596670?
3
Calculate the remainder when 129360214 is divided by 1906.
1900
Calculate the remainder when 22287541 is divided by 1857294.
13
Calculate the remainder when 358706 is divided by 2017.
1697
Calculate the remainder when 537696 is divided by 512.
96
Calculate the remainder when 1387157 is divided by 1935.
1697
Calculate the remainder when 3906982575 is divided by 38.
35
What is the remainder when 3111754 is divided by 1586?
22
Calculate the remainder when 30723005 is divided by 32.
29
What is the remainder when 676799 is divided by 29?
26
What is the remainder when 5128125 is divided by 2567?
1826
Calculate the remainder when 3238215 is divided by 1458.
1455
What is the remainder when 226494904 is divided by 730?
724
Calculate the remainder when 323086 is divided by 272.
222
Calculate the remainder when 20567397 is divided by 57.
30
Calculate the remainder when 4398 is divided by 2374.
2024
Calculate the remainder when 147937 is divided by 3369.
3070
What is the remainder when 40635765 is divided by 2732?
2729
Calculate the remainder when 144785 is divided by 1433.
52
Calculate the remainder when 4860982 is divided by 255841.
3
Calculate the remainder when 4087326 is divided by 1219.
19
Calculate the remainder when 345278 is divided by 65.
63
What is the remainder when 279002 is divided by 9041?
7772
Calculate the remainder when 2324871 is divided by 4488.
87
What is the remainder when 61865209 is divided by 207?
154
What is the remainder when 116621899 is divided by 23324379?
4
What is the remainder when 961501 is divided by 480731?
39
What is the remainder when 115393 is divided by 1311?
25
What is the remainder when 4269653 is divided by 110?
3
Calculate the remainder when 331724 is divided by 331697.
27
What is the remainder when 8742789 is divided by 12914?
11
What is the remainder when 5737841 is divided by 537?
533
What is the remainder when 4943786 is divided by 28?
22
Calculate the remainder when 7265 is divided by 5846.
1419
Calculate the remainder when 144129 is divided by 775.
754
Calculate the remainder when 323729 is divided by 80604.
1313
Calculate the remainder when 24873 is divided by 148.
9
Calculate the remainder when 22913 is divided by 8923.
5067
Calculate the remainder when 500382 is divided by 187.
157
Calculate the remainder when 632891718 is divided by 21.
18
Calculate the remainder when 57307 is divided by 3298.
1241
What is the remainder when 14622 is divided by 4719?
465
What is the remainder when 152998 is divided by 21820?
258
Calculate the remainder when 9346915 is divided by 3162.
43
Calculate the remainder when 150341980 is divided by 44.
8
Calculate the remainder when 309361 is divided by 26.
13
What is the remainder when 683278 is divided by 341632?
14
What is the remainder when 1847185 is divided by 41?
12
Calculate the remainder when 7865 is divided by 71.
55
Calculate the remainder when 901363 is divided by 214.
209
What is the remainder when 344709 is divided by 5160?
4149
Calculate the remainder when 97231 is divided by 286.
277
What is the remainder when 3857464 is divided by 41478?
10
What is the remainder when 115315 is divided by 68?
55
Calculate the remainder when 394370 is divided by 22783.
7059
Calculate the remainder when 79871 is divided by 114.
71
What is the remainder when 187489 is divided by 1533?
463
What is the remainder when 17990 is divided by 17563?
427
Calculate the remainder when 48112315 is divided by 11.
9
What is the remainder when 138028 is divided by 84?
16
Calculate the remainder when 41390 is divided by 40422.
968
Calculate the remainder when 51874 is divided by 1105.
1044
Calculate the remainder when 25486764 is divided by 38.
12
Calculate the remainder when 312687305 is divided by 279.
8
Calculate the remainder when 554962 is divided by 277440.
82
What is the remainder when 68309773 is divided by 19777?
15
What is the remainder when 1148152647 is divided by 9190?
9187
What is the remainder when 399803 is divided by 3417?
14
What is the remainder when 474614 is divided by 291?
284
What is the remainder when 221199 is divided by 218981?
2218
Calculate the remainder when 4548987 is divided by 159.
156
What is the remainder when 14263 is divided by 14260?
3
Calculate the remainder when 817882 is divided by 43.
22
Calculate the remainder when 6956 is divided by 773.
772
Calculate the remainder when 55875297 is divided by 50.
47
Calculate the remainder when 38044160 is divided by 109.
108
Calculate the remainder when 1082577 is divided by 40.
17
What is the remainder when 11574388 is divided by 44?
12
Calculate the remainder when 65287 is divided by 186.
1
What is the remainder when 2006776 is divided by 33?
13
What is the remainder when 1386987 is divided by 38527?
15
Calculate the remainder when 3505011 is divided by 23682.
75
Calculate the remainder when 408180 is divided by 101696.
1396
Calculate the remainder when 8231417 is divided by 82.
11
What is the remainder when 56655538 is divided by 2735?
13
Calculate the remainder when 7007052 is divided by 745.
327
What is the remainder when 25333 is divided by 120?
13
Calculate the remainder when 995805 is divided by 2837.
18
What is the remainder when 2297113 is divided by 38?
13
Calculate the remainder when 212157 is divided by 102843.
6471
Calculate the remainder when 1150098 is divided by 12640.
12498
What is the remainder when 1354871 is divided by 50?
21
Calculate the remainder when 22327 is divided by 592.
423
Calculate the remainder when 259612 is divided by 40.
12
What is the remainder when 1495381 is divided by 1495369?
12
What is the remainder when 737747 is divided by 193?
101
What is the remainder when 2909648 is divided by 434?
112
Calculate the remainder when 13359620 is divided by 2646.
2612
What is the remainder when 3929562 is divided by 20?
2
Calculate the remainder when 277493 is divided by 30829.
32
Calculate the remainder when 45046397 is divided by 160.
157
Calculate